794942457 a prime number?
True
Is 597526729 composite?
True
Is 1039077443 a prime number?
False
Is 42362856335 prime?
False
Is 8562125771 composite?
True
Is 31925971031 a prime number?
False
Is 12229600741 a prime number?
True
Is 255804071 prime?
False
Is 1993877503 a composite number?
False
Is 3709002511 prime?
False
Is 1015318189 composite?
False
Is 1912406101 prime?
False
Is 6188657147 composite?
True
Is 3106648163 composite?
False
Is 61151413646 a prime number?
False
Is 784021841 prime?
False
Is 1065538853 composite?
True
Is 814754341 composite?
False
Is 476591879 prime?
True
Is 12427063357 a prime number?
False
Is 20771259997 composite?
True
Is 314246269 composite?
False
Is 16696568219 a composite number?
False
Is 423657025349 a prime number?
True
Is 1970957927 prime?
False
Is 3003078893 a prime number?
True
Is 1492439023 a prime number?
False
Is 1041415451 a composite number?
False
Is 1077787279 prime?
False
Is 5155128565 a prime number?
False
Is 834780021 prime?
False
Is 1006696897 composite?
True
Is 64575708997 a composite number?
True
Is 261840961 a composite number?
False
Is 15466795719 a prime number?
False
Is 12267609197 a composite number?
False
Is 1965597357 prime?
False
Is 22024274002 a prime number?
False
Is 1827862009 composite?
False
Is 37165483 a prime number?
True
Is 102609571 a composite number?
False
Is 2178730933 prime?
False
Is 2915020007 composite?
True
Is 437717461 a composite number?
False
Is 8342251811 composite?
True
Is 7854252013 a prime number?
False
Is 672024037 a prime number?
True
Is 38083367863 prime?
True
Is 231357784579 prime?
True
Is 215028131 a composite number?
False
Is 12918637 prime?
True
Is 822512059 a prime number?
True
Is 1832500457 a prime number?
True
Is 60809155487 prime?
True
Is 161210227 prime?
False
Is 3700818167 prime?
True
Is 18823092361 a prime number?
True
Is 6836512247 prime?
True
Is 3344618639 composite?
False
Is 12674873929 a prime number?
False
Is 603853273 a prime number?
False
Is 191573909 a prime number?
True
Is 123448099 a prime number?
False
Is 548267191 a prime number?
True
Is 12459907441 composite?
False
Is 13913889079 composite?
True
Is 34815057223 a composite number?
True
Is 402948187 a composite number?
False
Is 227436269 composite?
True
Is 16881455517 a prime number?
False
Is 46050077 a composite number?
True
Is 194704973 a prime number?
False
Is 15991354573 a composite number?
False
Is 3389138153 prime?
False
Is 2570261207 a prime number?
True
Is 1027007869 composite?
False
Is 6238469891 prime?
True
Is 1379628671 a prime number?
True
Is 13942132091 prime?
False
Is 4375846597 a prime number?
False
Is 371843533 composite?
True
Is 40377046781 prime?
True
Is 500780341 composite?
True
Is 6189132991 a composite number?
True
Is 757500407 a composite number?
True
Is 14694066539 composite?
False
Is 4561656607 a prime number?
True
Is 48324042397 composite?
True
Is 2679185557 a composite number?
False
Is 310019321 a prime number?
True
Is 22753417961 a composite number?
True
Is 209645053 a prime number?
False
Is 46444807151 a prime number?
True
Is 480782041 composite?
True
Is 9078285451 a composite number?
False
Is 13296335189 prime?
True
Is 1336145989 a prime number?
False
Is 31764335599 prime?
True
Is 225080407 a composite number?
True
Is 27133768751 a prime number?
True
Is 13745928815 a prime number?
False
Is 2704326491 prime?
False
Is 976997 a prime number?
False
Is 57636710557 prime?
False
Is 1024728841 prime?
False
Is 1129250537 a prime number?
True
Is 1132775321 composite?
True
Is 17197005499 a composite number?
True
Is 54412073657 a prime number?
True
Is 103028911 prime?
True
Is 2026193461 prime?
False
Is 8100885769 composite?
False
Is 5543953693 a prime number?
False
Is 155042267 composite?
False
Is 950393099 composite?
True
Is 40005314897 composite?
True
Is 2906129194 composite?
True
Is 5705976889 prime?
True
Is 301681147 a prime number?
True
Is 1750197593 a prime number?
True
Is 2878072759 composite?
False
Is 5928458873 a prime number?
False
Is 145270324351 a composite number?
True
Is 62387867 prime?
True
Is 40806934166 prime?
False
Is 3719760199 a prime number?
False
Is 1209141467 a prime number?
False
Is 3847045049 prime?
False
Is 1970957251 prime?
True
Is 102701393 composite?
True
Is 330471971 a composite number?
False
Is 14822772469 a composite number?
True
Is 10072977263 composite?
True
Is 4741214627 a prime number?
True
Is 11735424719 prime?
True
Is 29968619957 prime?
True
Is 11705655587 prime?
False
Is 118263486383 a prime number?
False
Is 3527807529 a composite number?
True
Is 53584929613 composite?
False
Is 72807265511 prime?
False
Is 2062677157 a composite number?
False
Is 2915656721 prime?
False
Is 3590236523 composite?
True
Is 2292799913 a prime number?
True
Is 61144756329 a composite number?
True
Is 20164877 a composite number?
False
Is 113403613 a prime number?
True
Is 1977927697 a prime number?
True
Is 328262821 a prime number?
False
Is 3214117447 a composite number?
False
Is 2352844751 a composite number?
True
Is 88752809 a composite number?
False
Is 26762000413 prime?
True
Is 16898446927 a composite number?
False
Is 138780493 composite?
False
Is 4623104791 a composite number?
False
Is 13410843889 a composite number?
False
Is 17022820757 a composite number?
False
Is 6281608841 a prime number?
False
Is 599880403 composite?
False
Is 727910769 a prime number?
False
Is 1889642873 composite?
True
Is 567622973 a composite number?
True
Is 2057289161 a composite number?
False
Is 38736172067 a prime number?
False
Is 4639299347 a composite number?
False
Is 368324741 composite?
False
Is 788809829 prime?
False
Is 609345791 a prime number?
True
Is 17951112167 a composite number?
True
Is 1089487141 prime?
True
Is 6183396467 prime?
True
Is 47237813713 prime?
True
Is 31451653 a composite number?
True
Is 34822651 a prime number?
False
Is 2632573639 prime?
False
Is 221860413317 composite?
False
Is 10188998207 a prime number?
False
Is 83952135821 a composite number?
False
Is 478608049 composite?
False
Is 94020389763 a prime number?
False
Is 110854969363 a composite number?
True
Is 1910216663 a prime number?
True
Is 1076989357 a composite number?
False
Is 2562266381 a prime number?
False
Is 9909336334 composite?
True
Is 808504714 a prime number?
False
Is 81613158469 prime?
True
Is 24911003993 a composite number?
False
Is 27792625379 composite?
True
Is 29701031219 a composite number?
False
Is 574648055 a composite number?
True
Is 453316001 a prime number?
True
Is 173605099301 a composite number?
False
Is 84077298469 a prime number?
False
Is 1462237657 a composite number?
True
Is 130577297777 prime?
True
Is 1875506887 prime?
True
Is 763111123 prime?
False
Is 158272502 prime?
False
Is 3289274299 a prime number?
True
Is 268596311887 composite?
False
Is 16332808781 composite?
True
Is 161822299 composite?
True
Is 14432087879 a prime number?
False
Is 1026518027 prime?
True
Is 9567818045 prime?
False
Is 3882090389 a prime number?
True
Is 2118778639 a composite number?
False
Is 3425638495 composite?
True
Is 4450877923 composite?
True
Is 27503093201 prime?
False
Is 1944014243 a composite number?
True
Is 19770631123 a prime number?
False
Is 6831676889 composite?
False
Is 118280809133 prime?
True
Is 3625647983 composite?
True
Is 386909549 prime?
False
Is 4068448759 composite?
False
Is 26440240601 a composite number?
False
Is 751005699 a prime number?
False
Is 45250102999 a composite number?
False
Is 68716859 a composite number?
True
Is 25901756051 composite?
True
Is 29141627 a composite number?
False
Is 11172405943 a composite number?
False
Is 7694907683 composite?
True
Is 5270614613 a composite number?
True
Is 4808748155 prime?
False
Is 5150599031 composite?
False
Is 1038240041 a prime number?
False
Is 36017281427 composite?
False
Is 12837788651 composite?
True
Is 8410586357 a composite number?
False
Is 2143914119 a composite number?
True
Is 79816795466 prime?
False
Is 3019406387 composite?
True
Is 5166371065 a composite number?
True
Is 259203079 a composite number?
False
Is 7530465101 prime?
True
Is 246026761 prime?
True
Is 185787115 a prime number?
False
Is 2549952781 a prime number?
False
Is 39520671815 a composite number?
True
Is 9493739093 composite?
True
Is 38576466541 prime?
Tr